{"id":41,"date":"2019-05-26T05:48:50","date_gmt":"2019-05-26T05:48:50","guid":{"rendered":"https:\/\/www.2791strandgaarden.dk\/?page_id=41"},"modified":"2026-03-21T22:19:07","modified_gmt":"2026-03-21T22:19:07","slug":"nyheder","status":"publish","type":"page","link":"https:\/\/www.2791strandgaarden.dk\/","title":{"rendered":"Nyheder"},"content":{"rendered":"\n<p>19. marts 2026<\/p>\n\n\n\n<p>Til Grundejere i Strandg\u00e5rden<\/p>\n\n\n\n<p>Indkaldelse til ordin\u00e6r generalforsamling<br>Bestyrelsen indkalder hermed til den \u00e5rlige generalforsamling, der afholdes:<\/p>\n\n\n\n<p>Torsdag den 23. april 2026, kl. 19.00,<br>I B\u00f8rnehaven Strandg\u00e5rden,<br>Elborg Alle 6<\/p>\n\n\n\n<p>Der vil blive serveret \u00f8l og vand.<br>Sammen med denne indkaldelse er der vedlagt: dagsorden, bestyrelsens beretning og<br>indkomne forslag. Disse vil ogs\u00e5 v\u00e6re at finde p\u00e5 hjemmesiden.<br>\u00c5rsregnskabet fra regnskabs\u00e5ret 2025 samt budgetforslag vil ligeledes v\u00e6re at finde p\u00e5 vores<br>hjemmeside: www.2791strandgaarden.dk<br>Under fanen \u00e5rsrapporter anvendes koden: omdelt i den skriftlige indkaldelse.<br>Referatet fra generalforsamlingen vil blive lagt p\u00e5 foreningens hjemmeside senest 20. maj 2026<br>og vil kun v\u00e6re tilg\u00e6ngeligt der.<br>Venlig hilsen<\/p>\n\n\n\n<p>Susanne Kleberg<br>Formand<\/p>\n\n\n\n<p>Til medlemmerne<br><\/p>\n\n\n\n<p>Generalforsamling 2026 og evt. forslag<br>Den \u00e5rlige ordin\u00e6re generalforsamling afholdes den 23. april 2026 i Strandg\u00e5rdens B\u00f8rnecenter,<br>Elborg Alle 6, indkaldelse kommer senere.<br>Evt. forslag til generalforsamlingen, skal sendes i kort og motiveret form til formand Susanne<br>Kleberg, e-mail: bestyrelsen@2791Strandgaarden.dk, senest 15. februar 2026, jf. vedt\u00e6gterne.<br>Fastelavnsfest \u2013 s\u00f8ndag den 15. februar 2026<br>Vi holder vores hyggelige udend\u00f8rs fastelavnsfest for foreningens b\u00f8rn, med t\u00f8ndeslagning og<br>godtepose. T\u00f8ndeslagningen finder sted ved Strandg\u00e5rdens B\u00f8rnecenter, Elborg Alle 6. Vi byder<br>velkommen og starter t\u00f8ndeslagningen kl. 10.00. Husdyr m\u00e5 ikke medbringes.<br>B\u00f8rn mellem 0 &#8211; 14 \u00e5r kan deltage. Vi fasts\u00e6tter aldersgrupper p\u00e5 baggrund af tilmeldingerne. Der er<br>pr\u00e6mier til kattekongen, bundkongen og den bedst udkl\u00e6dte.<br>Efter t\u00f8ndeslagningen er der godteposer og lidt at drikke til b\u00f8rnene.<br>Det er gratis at deltage, men tilmelding er n\u00f8dvendig, s\u00e5 vi ved, hvor mange godteposer vi skal lave.<br>Traditionen tro, er der ogs\u00e5 t\u00f8ndeslagning for voksne, n\u00e5r b\u00f8rnene er f\u00e6rdige.<br>Der er pr\u00e6mie til bundkongen og kattekongen. Der s\u00e6lges \u00f8l og vand.<br>Af hensyn til indk\u00f8b af slik m.m. bedes tilmelding ske senest den 7. februar 2026 ved aflevering af<br>nedenst\u00e5ende kupon i Camilla Pedersens postkasse p\u00e5 Emmerich Alle 2.<br>Billetter til fastelavnsfesten vil \u2013 senest 13. februar 2026 &#8211; blive lagt i jeres postkasse.<br>Bestyrelsen gl\u00e6der sig til at v\u00e6re sammen med jer, og h\u00e5ber, at der igen kommer rigtig mange og<br>udkl\u00e6dte b\u00f8rn.<\/p>\n\n\n\n<p>P\u00e5 gensyn den 15. februar 2026 kl. 10:00<\/p>\n\n\n\n<p><br>Bestyrelsen i Grundejerforeningen Strandg\u00e5rden<\/p>\n\n\n\n<p>Orientering oktober 2025<\/p>\n\n\n\n<p>VIGTIGT &#8211; Vores vejbr\u00f8nde vil blive renset og spulet i l\u00f8bet af uge 47, s\u00e5 s\u00f8rg for at<br>holde din vejbr\u00f8nd fri for biler m.m.<br>Bestyrelsen \u00f8nsker ligeledes at orientere jer om et igangv\u00e6rende projekt, der ber\u00f8rer omr\u00e5det omkring<br>Liesel Alle og Diesen Alle, og som har givet anledning til stor bekymring og undren.<br><strong># Baggrund og forl\u00f8b<\/strong><br>* Den 3. oktober blev vi kontaktet af T\u00e5rnby Forsyning vedr\u00f8rende \u00f8nsket gravearbejde p\u00e5 Liesel<br>Alle.<br>* Den 10. oktober afholdt vi m\u00f8de med T\u00e5rnby Forsyning, hvor vi blev pr\u00e6senteret for en langt<br>st\u00f8rre plan end f\u00f8rst oplyst \u2013 nu omfattede gravearbejdet ogs\u00e5 Diesen Alle frem til<br>pumpestationen ved Bakel Alle\/Kessel Alle.<br>* Vi har ikke modtaget h\u00f8ringsbrev, ikke set gravetilladelse, og ikke v\u00e6ret involveret i projektet,<br>som ber\u00f8rer vores private f\u00e6lles veje.<br><strong>\u26a0\ufe0f Bekymringer og uafklarede forhold<\/strong><br>* Planen indeb\u00e6rer dels trykledning for regnvand fra Egmontvej til pumpestationen, hvilket kan<br>skade vores vejdr\u00e6n samt videref\u00f8rsel af kloak fra Egmontvej\/Gaudavej til Diesen Alle.<br>* Vores kloaksystem har historisk haft problemer med overbelastning, is\u00e6r ved<br>N\u00f8ragersmindevej\/Kongelundsvej.<br>* Vi er tidligere blevet p\u00e5lagt at h\u00e5ndtere regnvand via faskiner p\u00e5 egen grund \u2013 nu skal regnvand<br>fra Egmontvej til pumpestationen. Hvordan harmonerer det med tidligere krav?<br><strong># Uautoriseret igangs\u00e6ttelse<\/strong><br>* Den 13. oktober blev vi kontaktet af flere grundejere, da en gravemaskine fjernede vegetation<br>p\u00e5 Liesel Alle.<br>* Bestyrelsen har ikke givet tilladelse til dette arbejde og ikke modtaget gravetilladelse.<br><strong># Matrikel og tilladelse<\/strong><br>* G\/F Strandg\u00e5rden ejer den del af Liesel Alle, der g\u00e5r til og med vendepladserne.<br>* Den anden side \u2013 mod Egmontvej \u2013 ligger uden for vores matrikel.<br>#<strong> Bestyrelsens beslutning<\/strong><br>P\u00e5 baggrund af ovenst\u00e5ende har bestyrelsen sendt en klage til Borgmester Allan Andersen \/ T\u00e5rnby<br>Kommune og til T\u00e5rnby Forsyning over h\u00e5ndteringen \u2013 og kr\u00e6vet:<br>* At arbejdet indstilles indtil der er sket en grundig gennemgang og dokumentation af projektets<br>konsekvenser for vores kloakker, vejdr\u00e6n og veje.<br>Har du sp\u00f8rgsm\u00e5l eller kommentarer, er du velkommen til at kontakte bestyrelsen p\u00e5 mail.<br>Med venlig hilsen<br>Susanne Kleberg<br>Formand<\/p>\n\n\n\n<p><\/p>\n\n\n\n<p>Der er den 24. april 2025 afholdt generalforsamling og referat findes under fanen &#8220;generalforsamling&#8221; eller ved at klikke <a href=\"https:\/\/www.2791strandgaarden.dk\/wp-content\/uploads\/2025\/05\/Generalforsamling-2025.pdf\">her.<\/a><\/p>\n\n\n\n<p><strong><u>Indkaldelse til ordin\u00e6r generalforsamling<\/u><\/strong><\/p>\n\n\n\n<p>Bestyrelsen indkalder hermed til den \u00e5rlige generalforsamling, der afholdes:<\/p>\n\n\n\n<p><strong>Torsdag den 24. april 2025, kl. 19.00,<\/strong><\/p>\n\n\n\n<p><strong>I B\u00f8rnehaven Strandg\u00e5rden,<\/strong><\/p>\n\n\n\n<p><strong>Elborg Alle 6<\/strong><\/p>\n\n\n\n<p>Der vil blive serveret \u00f8l og vand.<\/p>\n\n\n\n<p>Sammen med denne indkaldelse er der vedlagt: dagsorden, bestyrelsens beretning og<\/p>\n\n\n\n<p>indkomne forslag. Disse vil ogs\u00e5 v\u00e6re at finde p\u00e5 hjemmesiden.<\/p>\n\n\n\n<p>\u00c5rsregnskabet fra regnskabs\u00e5ret 2024 samt budgetforslag vil ligeledes v\u00e6re at finde p\u00e5 vores<\/p>\n\n\n\n<p>hjemmeside: <a href=\"http:\/\/www.2791strandgaarden.dk\">www.2791strandgaarden.dk<\/a><\/p>\n\n\n\n<p>Under fanen \u00e5rsrapporter anvendes koden som er omdelt<\/p>\n\n\n\n<p>Referatet fra generalforsamlingen vil blive lagt p\u00e5 foreningens hjemmeside senest 20. maj 2025 og vil <strong>kun <\/strong>v\u00e6re tilg\u00e6ngeligt her.<\/p>\n\n\n\n<p class=\"has-text-align-center\"><strong>Nyhedsbrev februar 2025<\/strong><\/p>\n\n\n\n<p><strong>Velkommen <\/strong><strong>\ud83d\ude0a<\/strong><\/p>\n\n\n\n<p>Siden sidste nyhedsbrev, har vi f\u00e5et f\u00f8lgende nye grundejere, hjertelig velkommen til jer:<\/p>\n\n\n\n<p>Kessel Alle 8 &#8211; 28<\/p>\n\n\n\n<p>Elborg Alle 13<\/p>\n\n\n\n<p>Diesen Alle 13 &#8211; 14<\/p>\n\n\n\n<p>N\u00f8ragersmindevej 137<\/p>\n\n\n\n<p>Mortel Alle 23<\/p>\n\n\n\n<p><strong>Liesel Alle<\/strong><\/p>\n\n\n\n<p>Bestyrelsen har v\u00e6ret i dialog med Rikke fra Strandg\u00e5rdens Hestepension. Hun fort\u00e6ller, at det ikke l\u00e6ngere vil v\u00e6re muligt at g\u00e5 p\u00e5 hendes matrikel. Det betyder, at gennemgangen fra Liesel Alle\/Mortel Alle til Kongelundsvej nu er blevet sp\u00e6rret. Dette er grunden til at der er opsat skilte med \u201dAdgang forbudt &#8211; Privat ejendom\u201d.<\/p>\n\n\n\n<p>Adgangen til Kongelundsvej vil fremover kun v\u00e6re via vores egne veje, N\u00f8ragersmindevej samt gennem skoven.<\/p>\n\n\n\n<p><strong>Vejbr\u00f8nde<\/strong><\/p>\n\n\n\n<p>Bestyrelsen har oplevet at nogle grundejere h\u00e6lder \u201dflydende affald\u201d eks. fritureolie\/rester af cement mm i vores br\u00f8nde. Dette er strengt forbudt \u2013 det \u00f8del\u00e6gger de br\u00f8nde som vi alle har ansvaret for at vedligeholde og som vi alle betaler for at vedligeholde.<\/p>\n\n\n\n<p>P\u00e5 affaldsapp\u00e9n for T\u00e5rnby Kommune kan I finde sorteringsguiden.<\/p>\n\n\n\n<p>Find flere nyttige links og apps p\u00e5 vores hjemmeside.<\/p>\n\n\n\n<p><strong>Parkerings service<\/strong><\/p>\n\n\n\n<p>Kommunens parkeringsvagter har bes\u00f8gt vores grundejerforening flere gange. Dette har resulteret i flere udskrevne parkeringsafgifter til p\u00e5h\u00e6ngsk\u00f8ret\u00f8jer (trailer og campingvogn) samt biler, der har v\u00e6ret parkeret ulovligt.<\/p>\n\n\n\n<p>Husk at det ikke er lovligt at parkere foran en indk\u00f8rsel heller ikke selvom det er ens egen. &nbsp;<\/p>\n\n\n\n<p>Hermed uddrag fra T\u00e5rnby kommunes parkeringsregler:<\/p>\n\n\n\n<p><strong><em>\u00a7 1.<\/em><\/strong><em> Reglerne i denne bekendtg\u00f8relse finder anvendelse i forhold til k\u00f8ret\u00f8jer, der er henstillet p\u00e5 offentlige veje og private f\u00e6llesveje i byzone.<\/em><\/p>\n\n\n\n<p><strong><em>\u00a7 2.<\/em><\/strong><em> Biler med tilladt totalv\u00e6gt over 3.500 kg (lastbiler, busser og lignende), p\u00e5h\u00e6ngsk\u00f8ret\u00f8jer (herunder trailere og campingvogne), motorredskaber og traktorer m\u00e5 ikke parkeres i tidsrummet kl. 19 &#8211; 07, medmindre s\u00e5dan parkering er tilladt ved s\u00e6rlig afm\u00e6rkning p\u00e5 bestemte vejstr\u00e6kninger eller pladser. Disse steder kan ses p\u00e5 kommunens hjemmeside <\/em><a href=\"http:\/\/www.taarnby.dk\"><em>www.taarnby.dk<\/em><\/a><em>.<\/em><\/p>\n\n\n\n<p><em>&nbsp;&nbsp;&nbsp; Stk. 2. Uden for de n\u00e6vnte steder m\u00e5 p\u00e5h\u00e6ngsk\u00f8ret\u00f8jer (herunder campingvogne) med tilladt totalv\u00e6gt p\u00e5 h\u00f8jest 2.000 kg dog parkeres i indtil 24 timer.<\/em><\/p>\n\n\n\n<p><strong><em>\u00a7 3.<\/em><\/strong><em> Det er tilladt for k\u00f8ret\u00f8jer, hvis tilladte totalv\u00e6gt ikke overstiger 3.000 kg at standse eller parkere 1. delvist p\u00e5 fortov med en del af k\u00f8ret\u00f8jet og h\u00f8jst 2 hjul i k\u00f8ret\u00f8jets l\u00e6ngderetning. 2. helt eller delvist p\u00e5 skillerabat s\u00e5fremt det ikke er til fare eller ulempe for f\u00e6rdslen p\u00e5 fortovet i henhold til f\u00e6rdselslovens \u00a73.<\/em><\/p>\n\n\n\n<p><strong>Overk\u00f8rsler<\/strong><\/p>\n\n\n\n<p>Hvis du skal kunne k\u00f8re ind over fortovet til din grund, skal du s\u00f8ge om tilladelse til at lave en overk\u00f8rsel. Du skal s\u00f8ge tilladelse uanset om du vil etablere, \u00e6ndre eller fjerne en overk\u00f8rsel.&nbsp;&nbsp;<\/p>\n\n\n\n<p>Dette har betydning for afviklingen af vand fra vejen samt at vandet kan l\u00f8be frit i rendestenen. &nbsp;<\/p>\n\n\n\n<p><strong>Hundeefterladenskaber<\/strong><\/p>\n\n\n\n<p>Vi ser gerne, at n\u00e5r jeres hund skal af med \u201dnoget\u201d, at det bliver samlet op igen \u2013 udfordringen er is\u00e6r p\u00e5 Liesel Alle og N\u00f8ragersmindevej. Det er bare ikke l\u00e6kkert at komme hjem med smattede sko fyldt med hundeefterladenskaber.<\/p>\n\n\n\n<p><strong>Snerydning<\/strong><\/p>\n\n\n\n<p>V\u00e6r opm\u00e6rksom p\u00e5, at snerydderen ikke n\u00f8dvendigvis kan rydde din fortov\/vej hvis der holder biler mv parkeret \u2013 S\u00e5 hold \u00f8je med vejrudsigten og k\u00f8r din bil ind p\u00e5 grunden, s\u00e5 snerydderen har plads.<\/p>\n\n\n\n<p>Husk at det er den enkeltes pligt at holde fortov frit for sne. <strong>&nbsp;<\/strong><\/p>\n\n\n\n<p><strong>Afvanding<\/strong><\/p>\n\n\n\n<p>Som I sikkert har bem\u00e6rket, er gr\u00f8ften mellem G\/F Strandg\u00e5rden og Strandg\u00e5rdens Hestepension blevet oprenset. T\u00e5rnby Kommune har ikke tidligere l\u00f8ftet denne opgave med at dr\u00e6nere regnvandet, hvilket har betydet, at br\u00f8ndene p\u00e5 N\u00f8ragersmindevej (fra k\u00f8bmanden til Kongelundsvej) har v\u00e6ret meget belastet. S\u00e5 en opfordring til alle om, ikke at smide affald, hundeefterladenskaber mv i gr\u00f8ften.<\/p>\n\n\n\n<p><strong>Brandhaner<\/strong><\/p>\n\n\n\n<p>T\u00e5rnby Brandv\u00e6sen p\u00e5t\u00e6nker at starte et funktionseftersyn af brandhaner (hanerne \u00e5bnes \/ lukkes og t\u00f8mmes)&nbsp;i T\u00e5rnby Kommune med opstart i april. Arbejdet forventes at tage nogle m\u00e5neder i hele kommunen, hvorfor de ikke kan fort\u00e6lle n\u00e6rmere, hvorn\u00e5r de er hos G\/F Strandg\u00e5rden.<\/p>\n\n\n\n<p>Mvh Bestyrelsen<\/p>\n\n\n\n<p><\/p>\n\n\n\n<p><\/p>\n","protected":false},"excerpt":{"rendered":"<p>19. marts 2026 Til Grundejere i Strandg\u00e5rden Indkaldelse til ordin\u00e6r generalforsamlingBestyrelsen indkalder hermed til den \u00e5rlige generalforsamling, der afholdes: Torsdag den 23. april 2026, kl. 19.00,I B\u00f8rnehaven Strandg\u00e5rden,Elborg Alle 6 Der vil blive serveret \u00f8l og vand.Sammen med denne indkaldelse er der vedlagt: dagsorden, bestyrelsens beretning ogindkomne forslag. Disse vil ogs\u00e5 v\u00e6re at finde p\u00e5&hellip;<\/p>\n","protected":false},"author":1,"featured_media":0,"parent":0,"menu_order":0,"comment_status":"closed","ping_status":"closed","template":"","meta":{"_bbp_topic_count":0,"_bbp_reply_count":0,"_bbp_total_topic_count":0,"_bbp_total_reply_count":0,"_bbp_voice_count":0,"_bbp_anonymous_reply_count":0,"_bbp_topic_count_hidden":0,"_bbp_reply_count_hidden":0,"_bbp_forum_subforum_count":0,"footnotes":""},"class_list":["post-41","page","type-page","status-publish","hentry"],"_links":{"self":[{"href":"https:\/\/www.2791strandgaarden.dk\/index.php\/wp-json\/wp\/v2\/pages\/41","targetHints":{"allow":["GET"]}}],"collection":[{"href":"https:\/\/www.2791strandgaarden.dk\/index.php\/wp-json\/wp\/v2\/pages"}],"about":[{"href":"https:\/\/www.2791strandgaarden.dk\/index.php\/wp-json\/wp\/v2\/types\/page"}],"author":[{"embeddable":true,"href":"https:\/\/www.2791strandgaarden.dk\/index.php\/wp-json\/wp\/v2\/users\/1"}],"replies":[{"embeddable":true,"href":"https:\/\/www.2791strandgaarden.dk\/index.php\/wp-json\/wp\/v2\/comments?post=41"}],"version-history":[{"count":58,"href":"https:\/\/www.2791strandgaarden.dk\/index.php\/wp-json\/wp\/v2\/pages\/41\/revisions"}],"predecessor-version":[{"id":632,"href":"https:\/\/www.2791strandgaarden.dk\/index.php\/wp-json\/wp\/v2\/pages\/41\/revisions\/632"}],"wp:attachment":[{"href":"https:\/\/www.2791strandgaarden.dk\/index.php\/wp-json\/wp\/v2\/media?parent=41"}],"curies":[{"name":"wp","href":"https:\/\/api.w.org\/{rel}","templated":true}]}}